{"id":2941,"date":"2019-12-23T21:43:56","date_gmt":"2019-12-23T21:43:56","guid":{"rendered":"http:\/\/hp.powees.de\/?page_id=2941"},"modified":"2022-01-04T14:50:53","modified_gmt":"2022-01-04T14:50:53","slug":"news-2020","status":"publish","type":"page","link":"http:\/\/hp.powees.de\/?page_id=2941","title":{"rendered":"News 2020"},"content":{"rendered":"<div class=\"kvgmc6g5 cxmmr5t8 oygrvhab hcukyx3x c1et5uql ii04i59q\">\n<div dir=\"auto\">\n<div class=\"kvgmc6g5 cxmmr5t8 oygrvhab hcukyx3x c1et5uql ii04i59q\">\n<div dir=\"auto\"><strong><strong><strong><strong><strong><strong>\u00a022. Dezember 2020<br \/>\n<\/strong><\/strong><\/strong><\/strong><\/strong><\/strong><br \/>\nBesinnliche Weihnachtsfeiertage und alle guten<\/p>\n<div class=\"kvgmc6g5 cxmmr5t8 oygrvhab hcukyx3x c1et5uql ii04i59q\">\n<div dir=\"auto\">W\u00fcnsche f\u00fcr ein gesundes, gl\u00fcckliches 2021.<\/p>\n<\/div>\n<\/div>\n<div class=\"o9v6fnle cxmmr5t8 oygrvhab hcukyx3x c1et5uql ii04i59q\">\n<div dir=\"auto\">Bleibt gesund!<\/p>\n<p><a href=\"http:\/\/hp.powees.de\/wp-content\/uploads\/2020\/12\/poweesxmas4-scaled.jpg\"><img loading=\"lazy\" decoding=\"async\" class=\"alignnone size-full wp-image-3651\" src=\"http:\/\/hp.powees.de\/wp-content\/uploads\/2020\/12\/poweesxmas4-scaled.jpg\" alt=\"\" width=\"2560\" height=\"1768\" srcset=\"http:\/\/hp.powees.de\/wp-content\/uploads\/2020\/12\/poweesxmas4-scaled.jpg 2560w, http:\/\/hp.powees.de\/wp-content\/uploads\/2020\/12\/poweesxmas4-300x207.jpg 300w, http:\/\/hp.powees.de\/wp-content\/uploads\/2020\/12\/poweesxmas4-768x530.jpg 768w, http:\/\/hp.powees.de\/wp-content\/uploads\/2020\/12\/poweesxmas4-2048x1414.jpg 2048w, http:\/\/hp.powees.de\/wp-content\/uploads\/2020\/12\/poweesxmas4-940x649.jpg 940w, http:\/\/hp.powees.de\/wp-content\/uploads\/2020\/12\/poweesxmas4-579x400.jpg 579w\" sizes=\"auto, (max-width: 2560px) 100vw, 2560px\" \/><\/a><\/p>\n<\/div>\n<\/div>\n<hr \/>\n<p><strong><strong><strong><strong><br \/>\n26. Oktober 2020 C Wurf Fotoshooting mit <a href=\"https:\/\/www.fotografie-anna-auerbach.de\/\" target=\"_blank\" rel=\"noopener noreferrer\">Anna Auerbach<\/a><\/strong><\/strong><\/strong><\/strong><\/p>\n<p>Vielen Dank, dass Du wieder da gewesen bist und so geniale und wundersch\u00f6ne Bilder auch vom C Wurf gemacht hast. Weitere Bilder findet Ihr in der <a href=\"http:\/\/hp.powees.de\/?page_id=3280\" target=\"_blank\" rel=\"noopener noreferrer\">Galerie<\/a>.<br \/>\n<strong><strong><strong><strong><br \/>\n<\/strong><\/strong><\/strong><\/strong><\/p>\n<div id='gallery-1' class='gallery galleryid-2941 gallery-columns-4 gallery-size-thumbnail'><figure class='gallery-item'>\n\t\t\t<div class='gallery-icon landscape'>\n\t\t\t\t<a href='http:\/\/hp.powees.de\/wp-content\/uploads\/2020\/10\/IMGv-292.jpg'><img loading=\"lazy\" decoding=\"async\" width=\"150\" height=\"150\" src=\"http:\/\/hp.powees.de\/wp-content\/uploads\/2020\/10\/IMGv-292-150x150.jpg\" class=\"attachment-thumbnail size-thumbnail\" alt=\"\" \/><\/a>\n\t\t\t<\/div><\/figure><figure class='gallery-item'>\n\t\t\t<div class='gallery-icon landscape'>\n\t\t\t\t<a href='http:\/\/hp.powees.de\/wp-content\/uploads\/2020\/10\/IMGv-231.jpg'><img loading=\"lazy\" decoding=\"async\" width=\"150\" height=\"150\" src=\"http:\/\/hp.powees.de\/wp-content\/uploads\/2020\/10\/IMGv-231-150x150.jpg\" class=\"attachment-thumbnail size-thumbnail\" alt=\"\" \/><\/a>\n\t\t\t<\/div><\/figure><figure class='gallery-item'>\n\t\t\t<div class='gallery-icon landscape'>\n\t\t\t\t<a href='http:\/\/hp.powees.de\/wp-content\/uploads\/2020\/10\/IMGv-210.jpg'><img loading=\"lazy\" decoding=\"async\" width=\"150\" height=\"150\" src=\"http:\/\/hp.powees.de\/wp-content\/uploads\/2020\/10\/IMGv-210-150x150.jpg\" class=\"attachment-thumbnail size-thumbnail\" alt=\"\" \/><\/a>\n\t\t\t<\/div><\/figure><figure class='gallery-item'>\n\t\t\t<div class='gallery-icon landscape'>\n\t\t\t\t<a href='http:\/\/hp.powees.de\/wp-content\/uploads\/2020\/10\/IMGv-63.jpg'><img loading=\"lazy\" decoding=\"async\" width=\"150\" height=\"150\" src=\"http:\/\/hp.powees.de\/wp-content\/uploads\/2020\/10\/IMGv-63-150x150.jpg\" class=\"attachment-thumbnail size-thumbnail\" alt=\"\" \/><\/a>\n\t\t\t<\/div><\/figure>\n\t\t<\/div>\n\n<hr \/>\n<p><strong><strong>17. Oktober 2020 Me(r)ga cool <\/strong><\/strong><\/p>\n<div class=\"\" dir=\"auto\">\n<div id=\"jsc_c_7\" class=\"ecm0bbzt hv4rvrfc ihqw7lf3 dati1w0a\" data-ad-comet-preview=\"message\" data-ad-preview=\"message\">\n<div class=\"j83agx80 cbu4d94t ew0dbk1b irj2b8pg\">\n<div class=\"qzhwtbm6 knvmm38d\">\n<div class=\"o9v6fnle cxmmr5t8 oygrvhab hcukyx3x c1et5uql ii04i59q\">\n<div dir=\"auto\">Powee\u2019s A Spot of Merga<\/div>\n<div dir=\"auto\">gewinnt heute bei seinem ersten Start den WT A \u201eAb in die Binsen\u201c mit 96 Punkten vorz\u00fcglich.<\/div>\n<div dir=\"auto\">Mein Ziel war es eigentlich den WT zu bestehen, aber was will man mehr &#8211; es lief einfach, wie von selbst<\/div>\n<\/div>\n<div class=\"o9v6fnle cxmmr5t8 oygrvhab hcukyx3x c1et5uql ii04i59q\">\n<div dir=\"auto\">UND<\/div>\n<\/div>\n<div class=\"o9v6fnle cxmmr5t8 oygrvhab hcukyx3x c1et5uql ii04i59q\">\n<div dir=\"auto\">Blackthorn A Red Devil<\/div>\n<div dir=\"auto\">hat vorige Woche die APD\/Open der BZG Sauerland mit 71 Punkten sehr gut gewonnen.<\/div>\n<\/div>\n<div class=\"o9v6fnle cxmmr5t8 oygrvhab hcukyx3x c1et5uql ii04i59q\">\n<div dir=\"auto\">Freue mich riesig \u00fcber die beiden S\u00fc\u00dfen<\/div>\n<\/div>\n<div class=\"o9v6fnle cxmmr5t8 oygrvhab hcukyx3x c1et5uql ii04i59q\">\n<div dir=\"auto\">Danke an die Sonderleiter und Organisationsteams, die diese Veranstaltungen noch m\u00f6glich gemacht haben und den Richtern und Helfern f\u00fcr ihren unerm\u00fcdlichen Einsatz f\u00fcr uns Teilnehmer auch unter Coronabedingungen !!<\/div>\n<\/div>\n<div class=\"o9v6fnle cxmmr5t8 oygrvhab hcukyx3x c1et5uql ii04i59q\">\n<div dir=\"auto\">Bleibt gesund!!<\/p>\n<div id='gallery-2' class='gallery galleryid-2941 gallery-columns-3 gallery-size-thumbnail'><figure class='gallery-item'>\n\t\t\t<div class='gallery-icon landscape'>\n\t\t\t\t<a href='http:\/\/hp.powees.de\/wp-content\/uploads\/2020\/10\/121694447_3466960863383679_6809842736281480016_n.jpg'><img loading=\"lazy\" decoding=\"async\" width=\"150\" height=\"150\" src=\"http:\/\/hp.powees.de\/wp-content\/uploads\/2020\/10\/121694447_3466960863383679_6809842736281480016_n-150x150.jpg\" class=\"attachment-thumbnail size-thumbnail\" alt=\"\" \/><\/a>\n\t\t\t<\/div><\/figure><figure class='gallery-item'>\n\t\t\t<div class='gallery-icon landscape'>\n\t\t\t\t<a href='http:\/\/hp.powees.de\/wp-content\/uploads\/2020\/10\/121695146_3466960853383680_2757441341327208633_n.jpg'><img loading=\"lazy\" decoding=\"async\" width=\"150\" height=\"150\" src=\"http:\/\/hp.powees.de\/wp-content\/uploads\/2020\/10\/121695146_3466960853383680_2757441341327208633_n-150x150.jpg\" class=\"attachment-thumbnail size-thumbnail\" alt=\"\" \/><\/a>\n\t\t\t<\/div><\/figure><figure class='gallery-item'>\n\t\t\t<div class='gallery-icon portrait'>\n\t\t\t\t<a href='http:\/\/hp.powees.de\/wp-content\/uploads\/2020\/10\/121766571_3467006803379085_5011635784838796642_n.jpg'><img loading=\"lazy\" decoding=\"async\" width=\"150\" height=\"150\" src=\"http:\/\/hp.powees.de\/wp-content\/uploads\/2020\/10\/121766571_3467006803379085_5011635784838796642_n-150x150.jpg\" class=\"attachment-thumbnail size-thumbnail\" alt=\"\" \/><\/a>\n\t\t\t<\/div><\/figure>\n\t\t<\/div>\n\n<\/div>\n<\/div>\n<\/div>\n<\/div>\n<\/div>\n<\/div>\n<hr \/>\n<p><strong><br \/>\nPOWEE\u2018S C-Wurf geb. 18.07.2020<\/strong><br \/>\n(Blackthorn Merga x Blackthorn Wega)<\/p>\n<\/div>\n<\/div>\n<div class=\"o9v6fnle cxmmr5t8 oygrvhab hcukyx3x c1et5uql ii04i59q\">\n<div dir=\"auto\">Vor gut 14 Tagen hat Wega innerhalb von vier Stunden ganz problemlos und instinktsicher 8 Welpen das Leben geschenkt. Alle Welpen sind wohlauf und wir freuen uns auf eine wundersch\u00f6ne, spannende Zeit mit Ihnen.<\/div>\n<\/div>\n<div class=\"o9v6fnle cxmmr5t8 oygrvhab hcukyx3x c1et5uql ii04i59q\">\n<div dir=\"auto\">3 H g\/ 3 R g und 2 R s.<\/p>\n<\/div>\n<\/div>\n<div class=\"o9v6fnle cxmmr5t8 oygrvhab hcukyx3x c1et5uql ii04i59q\">\n<div dir=\"auto\">Wega und Mick k\u00f6nnen doch schwarz. <a href=\"http:\/\/hp.powees.de\/?page_id=3280\">Aktuelle Bilder immer hier.<\/a>\n<\/div>\n<div dir=\"auto\">\n<div id='gallery-3' class='gallery galleryid-2941 gallery-columns-4 gallery-size-thumbnail'><figure class='gallery-item'>\n\t\t\t<div class='gallery-icon landscape'>\n\t\t\t\t<a href='http:\/\/hp.powees.de\/wp-content\/uploads\/2020\/08\/116795446_3229977363748698_2356870875707841163_n.jpg'><img loading=\"lazy\" decoding=\"async\" width=\"150\" height=\"150\" src=\"http:\/\/hp.powees.de\/wp-content\/uploads\/2020\/08\/116795446_3229977363748698_2356870875707841163_n-150x150.jpg\" class=\"attachment-thumbnail size-thumbnail\" alt=\"\" \/><\/a>\n\t\t\t<\/div><\/figure><figure class='gallery-item'>\n\t\t\t<div class='gallery-icon portrait'>\n\t\t\t\t<a href='http:\/\/hp.powees.de\/wp-content\/uploads\/2020\/08\/116796958_3229977887081979_7522917491379544397_n.jpg'><img loading=\"lazy\" decoding=\"async\" width=\"150\" height=\"150\" src=\"http:\/\/hp.powees.de\/wp-content\/uploads\/2020\/08\/116796958_3229977887081979_7522917491379544397_n-150x150.jpg\" class=\"attachment-thumbnail size-thumbnail\" alt=\"\" \/><\/a>\n\t\t\t<\/div><\/figure><figure class='gallery-item'>\n\t\t\t<div class='gallery-icon portrait'>\n\t\t\t\t<a href='http:\/\/hp.powees.de\/wp-content\/uploads\/2020\/08\/116765511_3229977387082029_1384833757403299422_n.jpg'><img loading=\"lazy\" decoding=\"async\" width=\"150\" height=\"150\" src=\"http:\/\/hp.powees.de\/wp-content\/uploads\/2020\/08\/116765511_3229977387082029_1384833757403299422_n-150x150.jpg\" class=\"attachment-thumbnail size-thumbnail\" alt=\"\" \/><\/a>\n\t\t\t<\/div><\/figure><figure class='gallery-item'>\n\t\t\t<div class='gallery-icon portrait'>\n\t\t\t\t<a href='http:\/\/hp.powees.de\/wp-content\/uploads\/2020\/08\/116877158_3229977847081983_9067552990182200360_n.jpg'><img loading=\"lazy\" decoding=\"async\" width=\"150\" height=\"150\" src=\"http:\/\/hp.powees.de\/wp-content\/uploads\/2020\/08\/116877158_3229977847081983_9067552990182200360_n-150x150.jpg\" class=\"attachment-thumbnail size-thumbnail\" alt=\"\" \/><\/a>\n\t\t\t<\/div><\/figure><figure class='gallery-item'>\n\t\t\t<div class='gallery-icon portrait'>\n\t\t\t\t<a href='http:\/\/hp.powees.de\/wp-content\/uploads\/2020\/08\/116717496_3229977690415332_4201748592539257734_n.jpg'><img loading=\"lazy\" decoding=\"async\" width=\"150\" height=\"150\" src=\"http:\/\/hp.powees.de\/wp-content\/uploads\/2020\/08\/116717496_3229977690415332_4201748592539257734_n-150x150.jpg\" class=\"attachment-thumbnail size-thumbnail\" alt=\"\" \/><\/a>\n\t\t\t<\/div><\/figure><figure class='gallery-item'>\n\t\t\t<div class='gallery-icon portrait'>\n\t\t\t\t<a href='http:\/\/hp.powees.de\/wp-content\/uploads\/2020\/08\/116790940_3229977537082014_6527043584126453679_n.jpg'><img loading=\"lazy\" decoding=\"async\" width=\"150\" height=\"150\" src=\"http:\/\/hp.powees.de\/wp-content\/uploads\/2020\/08\/116790940_3229977537082014_6527043584126453679_n-150x150.jpg\" class=\"attachment-thumbnail size-thumbnail\" alt=\"\" \/><\/a>\n\t\t\t<\/div><\/figure><figure class='gallery-item'>\n\t\t\t<div class='gallery-icon landscape'>\n\t\t\t\t<a href='http:\/\/hp.powees.de\/wp-content\/uploads\/2020\/08\/116765503_3229977727081995_5720845498467156896_n.jpg'><img loading=\"lazy\" decoding=\"async\" width=\"150\" height=\"150\" src=\"http:\/\/hp.powees.de\/wp-content\/uploads\/2020\/08\/116765503_3229977727081995_5720845498467156896_n-150x150.jpg\" class=\"attachment-thumbnail size-thumbnail\" alt=\"\" \/><\/a>\n\t\t\t<\/div><\/figure><figure class='gallery-item'>\n\t\t\t<div class='gallery-icon portrait'>\n\t\t\t\t<a href='http:\/\/hp.powees.de\/wp-content\/uploads\/2020\/08\/116795848_3229977503748684_2480402215436726004_n.jpg'><img loading=\"lazy\" decoding=\"async\" width=\"150\" height=\"150\" src=\"http:\/\/hp.powees.de\/wp-content\/uploads\/2020\/08\/116795848_3229977503748684_2480402215436726004_n-150x150.jpg\" class=\"attachment-thumbnail size-thumbnail\" alt=\"\" \/><\/a>\n\t\t\t<\/div><\/figure>\n\t\t<\/div>\n\n<\/div>\n<\/div>\n<hr \/>\n<p><strong><br \/>\nAPD\/R A in Coronazeiten der BZG Gelsenkirchen am 06. und 13. Juni<\/strong><\/p>\n<\/div>\n<\/div>\n<div class=\"o9v6fnle cxmmr5t8 oygrvhab hcukyx3x c1et5uql ii04i59q\">\n<div dir=\"auto\">Eine rundum gelungene Veranstaltung, ein bisschen anders als gewohnt und mit mehr Organisationsaufwand &#8211; herzlichen Dank daf\u00fcr an die Sonderleitung und f\u00fcr das faire Richten an Thorsten Helmrath.<\/p>\n<\/div>\n<\/div>\n<div class=\"o9v6fnle cxmmr5t8 oygrvhab hcukyx3x c1et5uql ii04i59q\">\n<div dir=\"auto\">Mein erster Start mit \u201eSpot\u201c (Powee\u2018s A Spot of Merga), der seine Dummy A mit 77 Punkten und vorz\u00fcglich gemeistert hat.<\/div>\n<div dir=\"auto\"><\/div>\n<div dir=\"auto\">Ich freue mich sehr \u00fcber meinen \u201eKleinen\u201c, der mir so viel Freude macht.<\/p>\n<div id='gallery-4' class='gallery galleryid-2941 gallery-columns-3 gallery-size-thumbnail'><figure class='gallery-item'>\n\t\t\t<div class='gallery-icon portrait'>\n\t\t\t\t<a href='http:\/\/hp.powees.de\/wp-content\/uploads\/2020\/06\/103260849_3070488416364261_7860789096187798255_n.jpg'><img loading=\"lazy\" decoding=\"async\" width=\"150\" height=\"150\" src=\"http:\/\/hp.powees.de\/wp-content\/uploads\/2020\/06\/103260849_3070488416364261_7860789096187798255_n-150x150.jpg\" class=\"attachment-thumbnail size-thumbnail\" alt=\"\" \/><\/a>\n\t\t\t<\/div><\/figure><figure class='gallery-item'>\n\t\t\t<div class='gallery-icon portrait'>\n\t\t\t\t<a href='http:\/\/hp.powees.de\/wp-content\/uploads\/2020\/06\/IMG_4144-scaled.jpg'><img loading=\"lazy\" decoding=\"async\" width=\"150\" height=\"150\" src=\"http:\/\/hp.powees.de\/wp-content\/uploads\/2020\/06\/IMG_4144-150x150.jpg\" class=\"attachment-thumbnail size-thumbnail\" alt=\"\" \/><\/a>\n\t\t\t<\/div><\/figure><figure class='gallery-item'>\n\t\t\t<div class='gallery-icon landscape'>\n\t\t\t\t<a href='http:\/\/hp.powees.de\/wp-content\/uploads\/2020\/06\/IMG_4160-scaled.jpg'><img loading=\"lazy\" decoding=\"async\" width=\"150\" height=\"100\" src=\"http:\/\/hp.powees.de\/wp-content\/uploads\/2020\/06\/IMG_4160-scaled.jpg\" class=\"attachment-thumbnail size-thumbnail\" alt=\"\" srcset=\"http:\/\/hp.powees.de\/wp-content\/uploads\/2020\/06\/IMG_4160-scaled.jpg 2560w, http:\/\/hp.powees.de\/wp-content\/uploads\/2020\/06\/IMG_4160-300x200.jpg 300w, http:\/\/hp.powees.de\/wp-content\/uploads\/2020\/06\/IMG_4160-768x512.jpg 768w, http:\/\/hp.powees.de\/wp-content\/uploads\/2020\/06\/IMG_4160-2048x1365.jpg 2048w, http:\/\/hp.powees.de\/wp-content\/uploads\/2020\/06\/IMG_4160-600x400.jpg 600w\" sizes=\"auto, (max-width: 150px) 100vw, 150px\" \/><\/a>\n\t\t\t<\/div><\/figure>\n\t\t<\/div>\n\n<\/div>\n<\/div>\n<hr \/>\n<p><strong>07. Juni 2020 B Wurf<\/strong><\/p>\n<p>Unser B Wurf ist nun 5 Monate alt und macht sehr viel Freude. Aktuelle Bilder des B-Wurfs sind <a href=\"http:\/\/hp.powees.de\/?page_id=3210\">hier<\/a> zu finden.<\/p>\n<p><a href=\"http:\/\/hp.powees.de\/wp-content\/uploads\/2020\/02\/84594966_552723995638322_5859619535425896448_n.jpg\"><img loading=\"lazy\" decoding=\"async\" class=\"alignnone size-medium wp-image-3021\" src=\"http:\/\/hp.powees.de\/wp-content\/uploads\/2020\/02\/84594966_552723995638322_5859619535425896448_n-300x200.jpg\" alt=\"\" width=\"300\" height=\"200\" srcset=\"http:\/\/hp.powees.de\/wp-content\/uploads\/2020\/02\/84594966_552723995638322_5859619535425896448_n-300x200.jpg 300w, http:\/\/hp.powees.de\/wp-content\/uploads\/2020\/02\/84594966_552723995638322_5859619535425896448_n-1024x682.jpg 1024w, http:\/\/hp.powees.de\/wp-content\/uploads\/2020\/02\/84594966_552723995638322_5859619535425896448_n-768x512.jpg 768w, http:\/\/hp.powees.de\/wp-content\/uploads\/2020\/02\/84594966_552723995638322_5859619535425896448_n-1536x1023.jpg 1536w, http:\/\/hp.powees.de\/wp-content\/uploads\/2020\/02\/84594966_552723995638322_5859619535425896448_n-940x626.jpg 940w, http:\/\/hp.powees.de\/wp-content\/uploads\/2020\/02\/84594966_552723995638322_5859619535425896448_n-600x400.jpg 600w, http:\/\/hp.powees.de\/wp-content\/uploads\/2020\/02\/84594966_552723995638322_5859619535425896448_n.jpg 1600w\" sizes=\"auto, (max-width: 300px) 100vw, 300px\" \/><\/a><br \/>\n<strong><br \/>\n<\/strong><\/p>\n<hr \/>\n<p><strong>21. Februar 2020 Fotoshooting mit Anna Auerbach<\/strong><\/p>\n<p>Der B-Wurf hat sich so wunderbar und rundum gut entwickelt und nun brechen die letzten Tage an. Ein Highlight war das Fotoshooting mit <a href=\"https:\/\/www.fotografie-anna-auerbach.de\/\" target=\"_blank\" rel=\"noopener noreferrer\">Fotografin Anna Auerbach<\/a>, herzlichen Dank!!<\/p>\n<p>Bilder findet Ihr in der <a href=\"http:\/\/hp.powees.de\/?page_id=2974\" target=\"_blank\" rel=\"noopener noreferrer\">Galerie vom B-Wurf<\/a><\/p>\n<div id='gallery-5' class='gallery galleryid-2941 gallery-columns-3 gallery-size-thumbnail'><figure class='gallery-item'>\n\t\t\t<div class='gallery-icon landscape'>\n\t\t\t\t<a href='http:\/\/hp.powees.de\/wp-content\/uploads\/2020\/02\/IMGv-24.jpg'><img loading=\"lazy\" decoding=\"async\" width=\"150\" height=\"150\" src=\"http:\/\/hp.powees.de\/wp-content\/uploads\/2020\/02\/IMGv-24-150x150.jpg\" class=\"attachment-thumbnail size-thumbnail\" alt=\"\" \/><\/a>\n\t\t\t<\/div><\/figure><figure class='gallery-item'>\n\t\t\t<div class='gallery-icon landscape'>\n\t\t\t\t<a href='http:\/\/hp.powees.de\/wp-content\/uploads\/2020\/02\/IMGv-84.jpg'><img loading=\"lazy\" decoding=\"async\" width=\"150\" height=\"150\" src=\"http:\/\/hp.powees.de\/wp-content\/uploads\/2020\/02\/IMGv-84-150x150.jpg\" class=\"attachment-thumbnail size-thumbnail\" alt=\"\" \/><\/a>\n\t\t\t<\/div><\/figure><figure class='gallery-item'>\n\t\t\t<div class='gallery-icon landscape'>\n\t\t\t\t<a href='http:\/\/hp.powees.de\/wp-content\/uploads\/2020\/02\/IMGv-119.jpg'><img loading=\"lazy\" decoding=\"async\" width=\"150\" height=\"150\" src=\"http:\/\/hp.powees.de\/wp-content\/uploads\/2020\/02\/IMGv-119-150x150.jpg\" class=\"attachment-thumbnail size-thumbnail\" alt=\"\" \/><\/a>\n\t\t\t<\/div><\/figure>\n\t\t<\/div>\n\n<hr \/>\n<p><strong>11. Januar 2020\u00a0 POWEE\u2018S B-Wurf geb. 03.01.2020<\/strong><br \/>\n(Int.FTCH Garagill Pike at Blackthorn x Blackthorn A Red Devil)<\/p>\n<p>1 H\u00fcndin gelb\/ 1 R\u00fcde gelb und 3 R\u00fcden schwarz<\/p>\n<div class=\"text_exposed_show\">\n<p>Vor acht Tagen hat Red innerhalb von vier Stunden problemlos und instinktsicher 6 Welpen geboren. Ein R\u00fcde schwarz hat es leider nicht geschafft. Red und den Welpen geht es sehr gut &#8211; wir freuen uns sehr auf eine spannende, wundersch\u00f6ne Zeit mit den kleinen S\u00fc\u00dfen.<\/p>\n<p><a href=\"http:\/\/hp.powees.de\/?page_id=2974\">Bilder findet Ihr hier<\/a>. \ud83d\ude42<\/p>\n<div id='gallery-6' class='gallery galleryid-2941 gallery-columns-3 gallery-size-thumbnail'><figure class='gallery-item'>\n\t\t\t<div class='gallery-icon portrait'>\n\t\t\t\t<a href='http:\/\/hp.powees.de\/wp-content\/uploads\/2020\/01\/82053693_2721289087950864_5007982406016172032_n.jpg'><img loading=\"lazy\" decoding=\"async\" width=\"150\" height=\"150\" src=\"http:\/\/hp.powees.de\/wp-content\/uploads\/2020\/01\/82053693_2721289087950864_5007982406016172032_n-150x150.jpg\" class=\"attachment-thumbnail size-thumbnail\" alt=\"\" \/><\/a>\n\t\t\t<\/div><\/figure><figure class='gallery-item'>\n\t\t\t<div class='gallery-icon portrait'>\n\t\t\t\t<a href='http:\/\/hp.powees.de\/wp-content\/uploads\/2020\/01\/81930678_2721289314617508_5944797404149579776_n.jpg'><img loading=\"lazy\" decoding=\"async\" width=\"150\" height=\"150\" src=\"http:\/\/hp.powees.de\/wp-content\/uploads\/2020\/01\/81930678_2721289314617508_5944797404149579776_n-150x150.jpg\" class=\"attachment-thumbnail size-thumbnail\" alt=\"\" \/><\/a>\n\t\t\t<\/div><\/figure><figure class='gallery-item'>\n\t\t\t<div class='gallery-icon portrait'>\n\t\t\t\t<a href='http:\/\/hp.powees.de\/wp-content\/uploads\/2020\/01\/81770643_2721289331284173_3103583629113032704_n.jpg'><img loading=\"lazy\" decoding=\"async\" width=\"150\" height=\"150\" src=\"http:\/\/hp.powees.de\/wp-content\/uploads\/2020\/01\/81770643_2721289331284173_3103583629113032704_n-150x150.jpg\" class=\"attachment-thumbnail size-thumbnail\" alt=\"\" \/><\/a>\n\t\t\t<\/div><\/figure>\n\t\t<\/div>\n\n<\/div>\n<hr \/>\n<div class=\"text_exposed_show\">\n<div class=\"text_exposed_show\">\n<div class=\"text_exposed_show\">\n<div class=\"text_exposed_show\">Wir w\u00fcnschen Euch <span id=\"u_0_z\" class=\"_ezo\">alles Gute<\/span> f\u00fcr 2020 &#8211; Gesundheit, Freundschaft, Humor,<\/div>\n<\/div>\n<\/div>\n<\/div>\n<p>Herzlichkeit, Offenheit und Liebe &#8211; genie\u00dft jeden Tag !<\/p>\n<p>Wishing you health, peace, love and joy &#8211; enjoy your time<\/p>\n<p><a href=\"http:\/\/hp.powees.de\/wp-content\/uploads\/2019\/12\/WeihnachtenPowees2-scaled.jpg\"><img loading=\"lazy\" decoding=\"async\" class=\"alignnone wp-image-2938 size-medium\" src=\"http:\/\/hp.powees.de\/wp-content\/uploads\/2019\/12\/WeihnachtenPowees2-300x300.jpg\" alt=\"\" width=\"300\" height=\"300\" data-wp-editing=\"1\" srcset=\"http:\/\/hp.powees.de\/wp-content\/uploads\/2019\/12\/WeihnachtenPowees2-300x300.jpg 300w, http:\/\/hp.powees.de\/wp-content\/uploads\/2019\/12\/WeihnachtenPowees2-1024x1024.jpg 1024w, http:\/\/hp.powees.de\/wp-content\/uploads\/2019\/12\/WeihnachtenPowees2-150x150.jpg 150w, http:\/\/hp.powees.de\/wp-content\/uploads\/2019\/12\/WeihnachtenPowees2-768x768.jpg 768w, http:\/\/hp.powees.de\/wp-content\/uploads\/2019\/12\/WeihnachtenPowees2-1536x1536.jpg 1536w, http:\/\/hp.powees.de\/wp-content\/uploads\/2019\/12\/WeihnachtenPowees2-2048x2048.jpg 2048w, http:\/\/hp.powees.de\/wp-content\/uploads\/2019\/12\/WeihnachtenPowees2-940x940.jpg 940w, http:\/\/hp.powees.de\/wp-content\/uploads\/2019\/12\/WeihnachtenPowees2-400x400.jpg 400w\" sizes=\"auto, (max-width: 300px) 100vw, 300px\" \/><\/a><\/p>\n","protected":false},"excerpt":{"rendered":"<p>\u00a022. Dezember 2020 Besinnliche Weihnachtsfeiertage und alle guten W\u00fcnsche f\u00fcr ein gesundes, gl\u00fcckliches 2021. Bleibt gesund! 26. Oktober 2020 C Wurf Fotoshooting mit Anna Auerbach Vielen Dank, dass Du wieder da gewesen bist und so&hellip;<\/p>\n<p class=\"more-link-wrapper\"><a href=\"http:\/\/hp.powees.de\/?page_id=2941\" class=\"more-link\">Continue Reading<span class=\"screen-reader-text\"> &#8222;News 2020&#8220;<\/span><\/a><\/p>\n","protected":false},"author":1,"featured_media":0,"parent":5176,"menu_order":0,"comment_status":"closed","ping_status":"closed","template":"","meta":{"_uag_custom_page_level_css":"","footnotes":""},"class_list":["post-2941","page","type-page","status-publish","hentry"],"uagb_featured_image_src":{"full":false,"thumbnail":false,"medium":false,"medium_large":false,"large":false,"1536x1536":false,"2048x2048":false,"openness-recent":false},"uagb_author_info":{"display_name":"73234888","author_link":"http:\/\/hp.powees.de\/?author=1"},"uagb_comment_info":0,"uagb_excerpt":"\u00a022. Dezember 2020 Besinnliche Weihnachtsfeiertage und alle guten W\u00fcnsche f\u00fcr ein gesundes, gl\u00fcckliches 2021. Bleibt gesund! 26. Oktober 2020 C Wurf Fotoshooting mit Anna Auerbach Vielen Dank, dass Du wieder da gewesen bist und so&hellip;Continue Reading \"News 2020\"","_links":{"self":[{"href":"http:\/\/hp.powees.de\/index.php?rest_route=\/wp\/v2\/pages\/2941","targetHints":{"allow":["GET"]}}],"collection":[{"href":"http:\/\/hp.powees.de\/index.php?rest_route=\/wp\/v2\/pages"}],"about":[{"href":"http:\/\/hp.powees.de\/index.php?rest_route=\/wp\/v2\/types\/page"}],"author":[{"embeddable":true,"href":"http:\/\/hp.powees.de\/index.php?rest_route=\/wp\/v2\/users\/1"}],"replies":[{"embeddable":true,"href":"http:\/\/hp.powees.de\/index.php?rest_route=%2Fwp%2Fv2%2Fcomments&post=2941"}],"version-history":[{"count":31,"href":"http:\/\/hp.powees.de\/index.php?rest_route=\/wp\/v2\/pages\/2941\/revisions"}],"predecessor-version":[{"id":5183,"href":"http:\/\/hp.powees.de\/index.php?rest_route=\/wp\/v2\/pages\/2941\/revisions\/5183"}],"up":[{"embeddable":true,"href":"http:\/\/hp.powees.de\/index.php?rest_route=\/wp\/v2\/pages\/5176"}],"wp:attachment":[{"href":"http:\/\/hp.powees.de\/index.php?rest_route=%2Fwp%2Fv2%2Fmedia&parent=2941"}],"curies":[{"name":"wp","href":"https:\/\/api.w.org\/{rel}","templated":true}]}}