{"id":101,"date":"2017-04-05T09:23:40","date_gmt":"2017-04-05T09:23:40","guid":{"rendered":"http:\/\/hp.powees.de\/?page_id=101"},"modified":"2017-11-30T06:07:44","modified_gmt":"2017-11-30T06:07:44","slug":"edison-of-dukefield","status":"publish","type":"page","link":"http:\/\/hp.powees.de\/?page_id=101","title":{"rendered":"Edi"},"content":{"rendered":"\n<table id=\"tablepress-9\" class=\"tablepress tablepress-id-9 tbody-has-connected-cells\">\n<thead>\n<tr class=\"row-1\">\n\t<th class=\"column-1\">Edison of Dukefield<\/th><th class=\"column-2\">*Edi*<\/th><td class=\"column-3\"><\/td>\n<\/tr>\n<\/thead>\n<tbody>\n<tr class=\"row-2\">\n\t<td colspan=\"2\" class=\"column-1\">25.08.2005 - 17.07.2018<\/td><td rowspan=\"9\" class=\"column-3\"><img loading=\"lazy\" decoding=\"async\" src=\"http:\/\/hp.powees.de\/wp-content\/uploads\/2017\/04\/15590125_1258034494276338_2031542135051099593_n-300x200.jpg\" alt=\"\" width=\"300\" height=\"200\" class=\"alignnone size-medium wp-image-115\" srcset=\"http:\/\/hp.powees.de\/wp-content\/uploads\/2017\/04\/15590125_1258034494276338_2031542135051099593_n-300x200.jpg 300w, http:\/\/hp.powees.de\/wp-content\/uploads\/2017\/04\/15590125_1258034494276338_2031542135051099593_n.jpg 309w\" sizes=\"auto, (max-width: 300px) 100vw, 300px\" \/><\/td>\n<\/tr>\n<tr class=\"row-3\">\n\t<td colspan=\"2\" class=\"column-1\">Mutter: Bee of Dukefield<\/td>\n<\/tr>\n<tr class=\"row-4\">\n\t<td colspan=\"2\" class=\"column-1\">Vater: Blackharn Brewster<\/td>\n<\/tr>\n<tr class=\"row-5\">\n\t<td colspan=\"2\" class=\"column-1\"><a href=\"http:\/\/bund.drc.de\/adr\/ahnen\/ahnen1.php?zbnr=0813617&amp;race=Labrador-Retriever\" target=\"_blank\" rel=\"noopener\">Ahnentafel<\/a><strong><\/td>\n<\/tr>\n<tr class=\"row-6\">\n\t<td class=\"column-1\">HD<\/td><td class=\"column-2\">A2\/A2<\/td>\n<\/tr>\n<tr class=\"row-7\">\n\t<td class=\"column-1\">ED<\/td><td class=\"column-2\">0\/0<\/td>\n<\/tr>\n<tr class=\"row-8\">\n\t<td class=\"column-1\">PRA<\/td><td class=\"column-2\">frei<\/td>\n<\/tr>\n<tr class=\"row-9\">\n\t<td class=\"column-1\">RD<\/td><td class=\"column-2\">frei<\/td>\n<\/tr>\n<tr class=\"row-10\">\n\t<td class=\"column-1\"><a href=\"http:\/\/hp.powees.de\/?page_id=551\">Galerie<\/a><strong><\/td><td class=\"column-2\"><\/td>\n<\/tr>\n<\/tbody>\n<\/table>\n<!-- #tablepress-9 from cache -->\n<hr>\n<p><strong>Pr\u00fcfungen:<\/strong><\/p>\n<p>DRC-Arb.-Ch., WT, APD O, BLP, RGP, Trial(O)<br \/>\nSchwz.-App.prfg.&#8217;C'(Wild))\/m.Dummy(2) GC&#8217;08&#8217;11 div. Workingtests(O)<\/p>\n<p><img loading=\"lazy\" decoding=\"async\" class=\"alignnone size-large wp-image-533\" src=\"http:\/\/hp.powees.de\/wp-content\/uploads\/2017\/04\/IMG_6076-1024x696.jpg\" alt=\"\" width=\"760\" height=\"517\" srcset=\"http:\/\/hp.powees.de\/wp-content\/uploads\/2017\/04\/IMG_6076-1024x696.jpg 1024w, http:\/\/hp.powees.de\/wp-content\/uploads\/2017\/04\/IMG_6076-300x204.jpg 300w, http:\/\/hp.powees.de\/wp-content\/uploads\/2017\/04\/IMG_6076-768x522.jpg 768w, http:\/\/hp.powees.de\/wp-content\/uploads\/2017\/04\/IMG_6076-940x639.jpg 940w, http:\/\/hp.powees.de\/wp-content\/uploads\/2017\/04\/IMG_6076-589x400.jpg 589w\" sizes=\"auto, (max-width: 760px) 100vw, 760px\" \/><\/p>\n<hr>\n<p><strong>Formwert: SG<\/strong><\/p>\n<p>Schusstest: sicher. Gute Gr\u00f6sse. Maskuliner Kopf, guter Ausdruck, dunkle Augen, guter Behang, wenig Stop. Gutes Geb\u00e4ude, etwas wenig Vorbrust, korrekte Linien und Winkelungen. Gute Bewegung. Wesen sollte freier sein.<\/p>\n<p>Richter: Assenmacher-Feyel<\/p>\n<p><img loading=\"lazy\" decoding=\"async\" class=\"alignnone size-large wp-image-535\" src=\"http:\/\/hp.powees.de\/wp-content\/uploads\/2017\/04\/IMG_7725-1024x683.jpg\" alt=\"\" width=\"760\" height=\"507\" srcset=\"http:\/\/hp.powees.de\/wp-content\/uploads\/2017\/04\/IMG_7725-1024x683.jpg 1024w, http:\/\/hp.powees.de\/wp-content\/uploads\/2017\/04\/IMG_7725-300x200.jpg 300w, http:\/\/hp.powees.de\/wp-content\/uploads\/2017\/04\/IMG_7725-768x512.jpg 768w, http:\/\/hp.powees.de\/wp-content\/uploads\/2017\/04\/IMG_7725-940x627.jpg 940w, http:\/\/hp.powees.de\/wp-content\/uploads\/2017\/04\/IMG_7725-600x400.jpg 600w\" sizes=\"auto, (max-width: 760px) 100vw, 760px\" \/><\/p>\n<hr>\n<p><strong>Wesenstest:<\/strong><\/p>\n<p>Der R\u00fcde zeigt sich w\u00e4hrend des Spazierganges und beim Spiel, auf das er begeistert eingeht, temperamentvoll und sehr bewegungsfreudig. Er zeigt gute Ausdauer, weniger H\u00e4rte und ist sehr aufmerksam. Beute- und Bringtrieb sind sehr ausgepr\u00e4gt vorhanden. Sp\u00fcr- und St\u00f6bertrieb gut zu sehen. Er zeigt eine gute Bindung, orientiert sich gut an der F\u00fchrerin und ordnet sich ihr und auch anderern Menschen unter. Er f\u00fchlt sich sicher im Umgang mit Menschen, spielt auch mit ihnen. In der R\u00fcckenlage f\u00fchlt er sich unwohl und entspannt sich nicht, duldet sie aber. An die Kreisprobe gew\u00f6hnt er sich zusehend und bleibt bei den fremden Menschen. Auf optische Signale reagiert er sicher und interessiert sich wenig, an die akust. Signale gew\u00f6hnt er sich. Er ist schussfest. Er bei\u00dft zu zaghaft ins Tuch, verbei\u00dft sich nicht und ger\u00e4t nicht in Kampfstimmung. Er zeigt kein Misstrauen.<\/p>\n<p><strong>Bemerkungen:<\/strong><br \/>\nEin bewegungsfreudiger R\u00fcde, der im Allgemeinen mit Menschen sicher ist, sich aber durch R\u00fccken- und Kreisprobe zeitweilig etwas verunsichern l\u00e4sst.<\/p>\n<p><strong>Richter:<\/strong> Niehof-Oellers<\/p>\n<p><img loading=\"lazy\" decoding=\"async\" class=\"alignnone size-full wp-image-536\" src=\"http:\/\/hp.powees.de\/wp-content\/uploads\/2017\/04\/Edi29x.jpg\" alt=\"\" width=\"400\" height=\"300\" srcset=\"http:\/\/hp.powees.de\/wp-content\/uploads\/2017\/04\/Edi29x.jpg 400w, http:\/\/hp.powees.de\/wp-content\/uploads\/2017\/04\/Edi29x-300x225.jpg 300w\" sizes=\"auto, (max-width: 400px) 100vw, 400px\" \/><\/p>\n","protected":false},"excerpt":{"rendered":"<p>Pr\u00fcfungen: DRC-Arb.-Ch., WT, APD O, BLP, RGP, Trial(O) Schwz.-App.prfg.&#8217;C'(Wild))\/m.Dummy(2) GC&#8217;08&#8217;11 div. Workingtests(O) Formwert: SG Schusstest: sicher. Gute Gr\u00f6sse. Maskuliner Kopf, guter Ausdruck, dunkle Augen, guter Behang, wenig Stop. Gutes Geb\u00e4ude, etwas wenig Vorbrust, korrekte Linien&hellip;<\/p>\n<p class=\"more-link-wrapper\"><a href=\"http:\/\/hp.powees.de\/?page_id=101\" class=\"more-link\">Continue Reading<span class=\"screen-reader-text\"> &#8222;Edi&#8220;<\/span><\/a><\/p>\n","protected":false},"author":1,"featured_media":0,"parent":0,"menu_order":0,"comment_status":"closed","ping_status":"closed","template":"","meta":{"_uag_custom_page_level_css":"","footnotes":""},"class_list":["post-101","page","type-page","status-publish","hentry"],"uagb_featured_image_src":{"full":false,"thumbnail":false,"medium":false,"medium_large":false,"large":false,"1536x1536":false,"2048x2048":false,"openness-recent":false},"uagb_author_info":{"display_name":"73234888","author_link":"http:\/\/hp.powees.de\/?author=1"},"uagb_comment_info":0,"uagb_excerpt":"Pr\u00fcfungen: DRC-Arb.-Ch., WT, APD O, BLP, RGP, Trial(O) Schwz.-App.prfg.&#8217;C'(Wild))\/m.Dummy(2) GC&#8217;08&#8217;11 div. Workingtests(O) Formwert: SG Schusstest: sicher. Gute Gr\u00f6sse. Maskuliner Kopf, guter Ausdruck, dunkle Augen, guter Behang, wenig Stop. Gutes Geb\u00e4ude, etwas wenig Vorbrust, korrekte Linien&hellip;Continue Reading \"Edi\"","_links":{"self":[{"href":"http:\/\/hp.powees.de\/index.php?rest_route=\/wp\/v2\/pages\/101","targetHints":{"allow":["GET"]}}],"collection":[{"href":"http:\/\/hp.powees.de\/index.php?rest_route=\/wp\/v2\/pages"}],"about":[{"href":"http:\/\/hp.powees.de\/index.php?rest_route=\/wp\/v2\/types\/page"}],"author":[{"embeddable":true,"href":"http:\/\/hp.powees.de\/index.php?rest_route=\/wp\/v2\/users\/1"}],"replies":[{"embeddable":true,"href":"http:\/\/hp.powees.de\/index.php?rest_route=%2Fwp%2Fv2%2Fcomments&post=101"}],"version-history":[{"count":8,"href":"http:\/\/hp.powees.de\/index.php?rest_route=\/wp\/v2\/pages\/101\/revisions"}],"predecessor-version":[{"id":183,"href":"http:\/\/hp.powees.de\/index.php?rest_route=\/wp\/v2\/pages\/101\/revisions\/183"}],"wp:attachment":[{"href":"http:\/\/hp.powees.de\/index.php?rest_route=%2Fwp%2Fv2%2Fmedia&parent=101"}],"curies":[{"name":"wp","href":"https:\/\/api.w.org\/{rel}","templated":true}]}}